- 4) + (-18 - -37)?
16
Evaluate -22 + 19 + 6 - 13.
-10
What is the value of (49 - 42) + (-9 - -1)?
-1
What is the value of -1 + -45 - (50 - (58 + 10))?
-28
What is the value of (-1 + 24 - (-66 - -78)) + -9?
2
What is (44 + -26 - -10) + -38?
-10
What is -1 + 22 + -489 + 467?
-1
(16 - (-12 - (5 - 11))) + 10
32
What is (-1 - ((-8 - -3) + 9)) + -8?
-13
What is -9 - (-7 + 2 - -19)?
-23
(6 - 4 - -1) + (-1 - -3) + 3
8
What is the value of 7 - (-5 - (-7 + -5 + 4))?
4
Evaluate (-14 - 1 - 3 - -6) + 21.
9
Evaluate (13 - 0) + 32 + -54.
-9
Evaluate 19 - (25 - 18 - -17).
-5
Calculate 8 + (1 - 1 - (0 - (-10 + 3))).
1
Evaluate 0 - (14 - (12 + -25 + 14)).
-13
What is the value of 3 + -14 + 37 + -2 + -15?
9
Evaluate 12 + -33 - -14 - (-2 + 0 - -3).
-8
Calculate (48 - -8) + -27 + -12 + 3.
20
Evaluate 0 - (28 - 4) - -6 - (-1 + -1).
-16
Calculate 17 + (-79 - -74) + -2 + 1.
11
(-2 - 8 - (-10 + 5)) + -10
-15
(12 - (-11 - -13)) + (4 - (3 - 12))
23
What is the value of 10 + -9 + (-3 - -8) + (-6 - -12)?
12
What is -9 - (-11 - (13 + -30 + 15))?
0
What is the value of 8 + (100 + -102 - (-1 + 3 - 0))?
4
What is the value of -2 - (-8 + 5) - -3?
4
Calculate -90 + 97 + (1 - 13) + 4.
-1
What is the value of (-9 + -33 - -35) + (1 - (-1 + -1))?
-4
Calculate 13 + -1 + -15 + (14 - 2) + -20.
-11
0 - (1 + 15 - 10)
-6
What is (-5 - -7) + (7 - (32 - (-15 - -12)))?
-26
Evaluate (-2 + -6 - 0 - -5) + 4.
1
What is (21 - 76 - 0) + 27?
-28
-36 - (-10 - 23) - 0
-3
Calculate (-22 - (1 - 8)) + 23 + (-29 - 0).
-21
Evaluate 3 - ((-8 - (3 - (15 + -7))) + 1).
5
Evaluate -6 + 0 + 4 + (4 - -4 - 7).
-1
What is the value of 31 - (-11 - -18) - 19?
5
Evaluate (-15 - (-2 + 0)) + (78 - 70) - 4.
-9
What is (1 - -11) + (-91 - -82) + (2 - -1)?
6
What is the value of (-14 - (2 - 0)) + (-1 - -7)?
-10
(-2 - 2) + 3 + -13 + (-10 - -10)
-14
-24 - -22 - (-9 + (9 - 0))
-2
What is the value of -5 + 12 + -7 - 5 - 4?
-9
Evaluate -23 + -25 + 52 + -22.
-18
What is the value of (20 - 12) + -17 + (12 - 14)?
-11
1 - -2 - (0 + 25 + -35)
13
8 + (-1 - 5) - -9 - 1
10
Calculate -2 - 28 - (-7 + -6 + -1).
-16
What is -22 + (18 - 5) + (20 - 3)?
8
What is the value of 2 - (-3 + 3 - -8)?
-6
What is -16 + 16 + (-6 - 0)?
-6
What is -53 - -70 - (3 - ((-5 - -3) + -2))?
10
Evaluate -9 + (11 - 3 - 1) + 5.
3
What is (4 - 11) + 6 - 1 - 5?
-7
What is the value of -16 - (-3 + (-15 - -5) - -8)?
-11
-25 - -19 - (-32 + 16)
10
What is the value of 13 - (6 + (6 - 6))?
7
What is the value of -24 + 7 + 9 - -16 - -13?
21
Evaluate -8 + -15 + -1 + 69 + -16.
29
What is the value of 6 + 13 + -7 - 24 - -9?
-3
(0 + 0 + 4 - 0) + 6 + 0
10
Evaluate -21 + (62 - 30) - -15.
26
4 - (-6 + 2 + (-11 - -8))
11
What is the value of 2 - ((-9 - (-7 + -20)) + -7)?
-9
What is 15 - (-12 + (-10 - -19) - -1)?
17
-46 - (-33 - (12 + -24))
-25
What is (36 - (21 + 8)) + -1 + (1 - 11)?
-4
What is the value of 0 + (-31 + 12 - -6)?
-13
What is 57 + -51 - (0 - -16)?
-10
Calculate (-1 - (2 + -3 + -2)) + -1 - 2.
-1
Evaluate 3 - (1 - 9 - -15) - -15.
11
Evaluate (13 - (7 + 12)) + 11 + -1 + 7.
11
Evaluate 5 - (4 + (4 - 7) - -7) - 4.
-7
What is the value of (-4 - (-11 + -3)) + -8 + 0?
2
What is the value of 2 - -1 - 2 - (12 - 15)?
4
What is 8 + 17 + -42 - (1 + 6)?
-24
Calculate 8 + (11 - (-6 + 7) - -6).
24
What is (1 - 4 - -1 - -4) + 3 + -15?
-10
Calculate 12 + -9 + (0 - 7) + -4.
-8
-7 - (-12 - (19 - 2) - (-4 + -3))
15
What is 4 - 1 - (10 - -5) - (-237 + 230)?
-5
-16 - (-9 + -27 + -8)
28
Calculate 1 + -18 + -1 + -357 + 359 - 10.
-26
Calculate -3 - ((-7 - -15) + 4).
-15
Calculate -4 + 17 + -4 + -3 + 1.
7
Calculate -6 - -2 - (14 - 21) - 12.
-9
Calculate -9 + (-8 - -8) + -3 - 8.
-20
What is 13 - (2 + 1 + -96 + 91)?
15
Calculate (6 - (-2 - 10)) + 0.
18
What is (29 - 7 - 16) + (-15 - (-6 + 3))?
-6
Evaluate (0 - 18) + 7 + 12 + 1 + -9.
-7
What is the value of -2 - -5 - 8 - (-7 + 10 + 3)?
-11
24 - (-14 + 76 + -18)
-20
Evaluate (-9 + -7 + 2 - -10) + 3.
-1
-15 - 4 - -1 - (-230 - -226)
-14
Evaluate 14 + (-20 - 14) + 15.
-5
Evaluate (6 - (12 - -1)) + (20 - 0) - 1.
12
Evaluate (-43 - -37) + (4 - 5) + 1.
-6
What is the value of 1 - (0 - ((-2 - -1 - 4) + 2))?
-2
11 - (0 + 22 + (-98 - -103))
-16
What is -29 + 12 - (-26 - -24)?
-15
Evaluate 11 + 2 + -18 - (-18 - -23).
-10
Evaluate (6 - (14 + -6 - 0)) + 23.
21
What is 1 - ((5 - 3) + -6 - (-5 - -2))?
2
Evaluate 8 + (4 - 2) + -24.
-14
(2 - 1) + (-5 - 1) + 17
12
Calculate -82 + (-48 - -89) - (-4 - 1).
-36
Evaluate -10 - 0 - ((34 - 22) + -9).
-13
What is the value of 12 - 3 - (388 - 383)?
4
Evaluate -1 + 13 + -6 + -1 + -11 + -1.
-7
What is (10 - (7 + -2)) + -6 - 8?
-9
What is the value of 0 + -1 + 7 - (524 - 518)?
0
What is the value of (9 - -3 - 5) + -1?
6
What is the value of -6 + (-9 - -7) + 14?
6
What is 7 + (20 + -37 - -5)?
-5
Evaluate (-11 - -9) + 1 + 7 - (0 - -15).
-9
What is the value of 0 + (19 + -16 - (2 + 13))?
-12
What is -10 + -14 + 25 - 1?
0
Calculate (4 - (5 - 22)) + (-9 + 5 - -4).
21
What is (-12 - (-13 + -8)) + -4 + -2?
3
What is the value of -1 + -1 - (-114 + 110 + 1 + 24)?
-23
What is -13 + 55 + -21 + -9 + 2?
14
Calculate -1 - -3 - (12 + -57 + 32).
15
Evaluate (0 - 1 - -8) + 494 + -503.
-2
Calculate (1 - -3 - -1 - (181 + -174)) + 5.
3
Evaluate 23 + 4 + -4 + -5.
18
-1388 - -1381 - (-1 + 3 + 2 + 3)
-14
What is -1 - (6 + 21 + (-3 - 1)) - -8?
-16
Evaluate (-3 + -1 - -11) + 4 + 0 + -1.
10
Calculate 23 + (17 + 7 - 27).
20
Evaluate -43 + 58 + 0 + -1.
14
Calculate 7 - (-2 + 9 + -19 + 13).
6
9 + (-1 - 7 - 6)
-5
What is -3 + (-8 - ((25 - 32) + 6 + -1))?
-9
What is the value of -7 + (10 - 8) + 13 + -2 - 4?
2
What is the value of 45 - (30 - (21 + -41))?
-5
-9 - (-9 - (-3 + 10) - 5)
12
(-6 - 0) + 8 + (3 - 1)
4
Calculate 1 + 2 + -1 + 9 + 3 + 3.
17
What is -8 + -5 - (11 - (-9 - -18))?
-15
What is 12 + (14 - (5 + -4) - 8) + 1?
18
Evaluate -11 - (-11 + 8 + -22 + 9).
5
-23 - (-29 - (-16 - -36))
26
What is -561 + 552 - ((-1 - -2) + 16)?
-26
What is the value of -18 + 16 + 26 + -20?
4
-2 + 15 + (-2 - (-13 - -22))
2
0 + 1 - (-8 + 3 - -29)
-23
What is the value of 33 + -34 + 8 + -19?
-12
Calculate (84 - 28 - 6) + -28.
22
What is 11 - (-13 + 25 + -18)?
17
What is the value of -3 + 3 + -23 + 15 + (40 - 0)?
32
Evaluate -4 - (-7 + 0 + 6 + -4) - 11.
-10
Calculate (23 - 10 - 9) + -25 - -6.
-15
What is 11 + (2 - 1 - (-161 + 147))?
26
What is the value of 6 + -10 - (7 + -2 + -2)?
-7
What is -1 + -16 - (-7 - (-19 - (-9 + -6)))?
-14
Evaluate -29 - (-1 - (21 + -15)) - 11.
-33
Evaluate 16 + -8 + (2 + -1 + -4 - 5).
0
-11 - -5 - (40 - 27)
-19
What is the value of 7 + 0 - 0 - (-6 - (4 - 4))?
13
What is the value of (-34 - (-48 + 8)) + 15?
21
-8 - (-1 - -3 - (8 + -8))
-10
Calculate (7 - (20 + -19 + 3)) + (-14 - -1).
-10
What is 20 - (1 - -12) - (11 - -5)?
-9
Calculate (-12 + 11 - -18) + -32.
-15
-3 + -2 - (46 + -38)
-13
Calculate (19 - 5 - (-3 + 8)) + (2 - 24).
-13
Calculate 91 + -98 - (1 + (-1 - 0)).
-7
What is -13 - -15 - (-3 - (0 - (-2 - 9)))?
16
What is 0 + (2 - (-6 - -10) - 6) + 8?
0
What is 8 + (0 - (45 + (-13 - -5)))?
-29
(-7 - (-5 - 16)) + -1 + -5 + 12
20
What is the value of 18 - (-1 + 2) - (-38 - -34 - -12)?
9
-6 + 23 + (9 - (5 + 13))
8
What is 2 - ((-17 - -10) + (14 - 1))?
-4
Calculate 1 - -8 - (17 - (7 - 17)) - -4.
-14
What is the value of (13 - (-5 + 45)) + 9?
-18
Calculate 49 + -49 + -4 + 6.
2
What is the value of (4 - 1) + (-2 - (14 - 2))?
-11
Evaluate 1 - 10 - ((-1 - -13) + -23).
2
-2 + 15 + (-21 - -11)
3
Evaluate -2 - -4 - (-16 + 14 + 14).
-10
Evaluate 10 - ((-13 - 1) + 11 + -1 + 1).
13
Calculate -1 - -4 - -2 - (-160 - -165).
0
Evaluate -2 + -19 - (-67 + 46).
0
Calculate -9 - (11 + (8 - 25 - -8)).
-11
-8 + (13 - 8) + -5 - -20
12
What is -3 + 3 + 3 - (-2 + 3 + 10)?
-8
0 - 1 - 0 - 2 - (-63 - -66)
-6
-26 + 28 + (-2 - (-4 - 27))
31
-9 - (-26 - (-9 - 1 - -5))
12
What is the value of 24 + -4 - (1 - -4 - 4)?
19
What is 4 + (6 - 4) - 5 - -19?
20
What is 2 - (9 + (2 - (0 + 5)))?
-4
14 + -15 + 17 + -27
-11
Evaluate (12 - (4 + 6)) + 2 + -5.
-1
Evaluate 7 + (11 - 9 - 27).
-18
What is the value of (1 + 13 - 39) + 13?
-12
Calculate -15 - ((-5 - (4 - 12)) + 5 - 6).
-17
What is the value of 28 + -12 + 6 - 16?
6
Evaluate 70 - 58 - (33 - 0).
-21
Calculate (-4 - 3 - (1 - -3 - 3)) + 25.
17
Evaluate (2 - (4 + (5 - 13))) + -10.
-4
What is 1 + (25 - 7) + 0?
19
Calculate (-11 - -17